
1
Suppose -w = 2 - 5. Suppose 5*o = 17 + w. Suppose -o*v - 3*p + 11 = 0, v + 3*p = -7 + 3. What is the units digit of v?
5
Let f(g) = g**3 + 6*g**2 - 2*g + 7. Let z be f(-6). Let i = z - 13. What is the units digit of i?
6
Let c(m) = -6 + 6 + 1 + m. Let z(v) = 2*v**2 - 3*v + 2. Let s be z(2). What is the units digit of c(s)?
5
Suppose -4*j = -3*d + 5*d - 198, 0 = -j - 2*d + 45. Let v = j + -14. Suppose -5*p = -c - v, -c - 1 = -4. What is the units digit of p?
8
Suppose 10*h + 5 = 5*f + 5*h, -4*h - 8 = 0. What is the units digit of ((-1)/2)/(f/12)?
6
Let g = -2 - -6. Suppose 0 = -0*k - g*k + 92. What is the units digit of k?
3
Suppose 2*m - 4*l = 5*m - 362, 5*m - 4*l = 614. What is the units digit of m?
2
What is the units digit of (-7)/35 - (-1398)/15?
3
Suppose -2*s + 94 = 18. What is the units digit of s?
8
Suppose -12*x + 10*x + 100 = 0. What is the units digit of x?
0
Suppose -2*d + 10 = 2. What is the units digit of (-23)/(-7) + d/(-14)?
3
Let r(o) = -o**3 - 8*o**2 + 8*o - 3. Let l be r(-9). Suppose 3*h = 39 + l. What is the units digit of h?
5
Let d be 2/(-7) - 8/(-28). Suppose d = 2*q - 28 + 6. Suppose -10 - q = -3*c. What is the units digit of c?
7
Let d = -37 + 17. Let g = d - -36. What is the tens digit of g?
1
Let u(v) = -6*v - 5. What is the units digit of u(-5)?
5
Let v(h) = h**3 + 8*h**2 + 11*h - 3. What is the units digit of v(-6)?
3
Suppose 5 = t - 0. Suppose 2*m = t*m + 9. What is the units digit of 6*m/(-12)*2?
3
Let i = -10 - -13. Suppose 2*x - 20 = -i*x. What is the units digit of x?
4
Let c(o) = 3*o. Let m be c(1). Suppose -11 = -p + m. What is the tens digit of p?
1
Suppose 0 = -4*q - 0*q + 4*n + 432, 0 = -3*n - 6. What is the tens digit of q?
0
Let b = -7 + 10. What is the units digit of 40*b/3*1?
0
Let q(f) = -f + f**2 - 5*f**2 - 2 + f**3 + 0*f - f. Let z be q(5). Let g(j) = -j**3 + 13*j**2 + j - 7. What is the units digit of g(z)?
6
Let d(j) = j**2 - 2*j - 1. Let f be 0 - (1 + -1 + -2). Let r be d(f). Let p = r + 2. What is the units digit of p?
1
Suppose -3*q = -0*q - 2*u - 679, -q - u = -218. What is the hundreds digit of q?
2
Let o be 3 + (-4 - -3) + 3. Suppose o*k + 5*m - m = 230, -2*m = -k + 32. Suppose k = v + v. What is the units digit of v?
1
Suppose 0 = -2*o + 2*y + 2, y + 12 - 3 = 3*o. Suppose o = 4*j - 0*j. What is the units digit of j?
1
Let i be (-12)/(-30) + (-13)/(-5). Suppose m - 60 = -4*x, -3*x = x + i*m - 52. What is the units digit of x?
6
Let v(s) = -3*s**3 - 2*s**3 - s - 2 + 1 - s. What is the units digit of v(-1)?
6
Let o be 85/25 + (-4)/10. Suppose o*h - 4*p = -2 + 3, 5*h - p - 30 = 0. What is the units digit of h?
7
Let k(j) = j**3 + j**2 + 11. Let v = 1 + -1. What is the tens digit of k(v)?
1
Suppose 5*y + 4 = 2*y + 5*g, 0 = 5*y + 2*g - 14. Suppose -y*k + 13 = 4*d - 3, 4*k + 8 = 2*d. What is the units digit of d?
4
Let q(t) = t**2 + 4*t - 1. Let w(g) = g**2 - g. Let n(x) = q(x) + w(x). What is the units digit of n(-3)?
8
Let z be 1/((4 + -3)/20). Suppose 4*i = -i + z. What is the units digit of i?
4
Suppose 9*n + 15 = 4*n. Let r(f) = -f**3 + f**2 - 3*f + 1. What is the units digit of r(n)?
6
Suppose 2*o - 5 = 81. What is the tens digit of o?
4
Suppose -6 = -3*y - j, 6*j + 27 = 4*y + j. Suppose 9 = n - 2*k, -y*k = -6*k + 6. What is the units digit of n?
3
Suppose 4*r - 5*a - 6 = 4, -4*r = 2*a + 4. Suppose 2*v + 5*d - 3*d + 4 = r, 2 = v + 3*d. Let n = 0 - v. What is the units digit of n?
4
Suppose -5*u - 38 - 2 = -4*r, 0 = -5*r - 3*u + 50. What is the tens digit of 1 - -8 - r/(-5)?
1
Let f(q) = q + 6. Let v be f(-6). Let s = v - -9. Suppose -15 = -3*h + s. What is the units digit of h?
8
Suppose -5*z - 4*j + 395 = 0, 5*j - 10*j + 237 = 3*z. What is the tens digit of z?
7
Let i(t) = 2*t + 2*t - t + 1 - t. Let g = 2 - 1. What is the units digit of i(g)?
3
Let m = 17 + -12. Suppose m*d + 16 = 161. What is the tens digit of d?
2
Let a(c) be the third derivative of c**5/60 + c**4/24 + 5*c**3/6 + 2*c**2. What is the tens digit of a(-4)?
1
Let u = -7 - -11. What is the units digit of 85/u + 3/4?
2
Let f(v) be the third derivative of v**6/120 - 3*v**5/20 + 11*v**4/24 - 7*v**3/6 - v**2. What is the units digit of f(8)?
7
Let n be -3 + 1 + (-1 - -5). Suppose -5*z + h = -35, -4*z - n*h + 2 = -12. Suppose 5*v - 9 = z. What is the units digit of v?
3
Let w(l) = -l**2 - 6*l - 5. What is the units digit of w(-4)?
3
Suppose -4*m = 56 - 4. Let w be 4/6 - (-56)/(-3). Let j = m - w. What is the units digit of j?
5
Let s be 1*(2 - -1) - -2. Suppose -r - r + 5*h - 20 = 0, -3*r + s*h = 25. What is the units digit of r - -4 - -1*5?
4
What is the units digit of (4 - 1)/(-3) + 30?
9
Let f = -8 + 11. Suppose 0 = -0*b - f*b - 6. What is the units digit of 2 + 4 + 0 + b?
4
Let n(t) = -3*t + t - 6 + 0*t - t**2 + 2*t**2. What is the units digit of n(-4)?
8
Let z = -77 - -112. What is the tens digit of z?
3
Let s(w) = -w + 2 - 2*w + w**2 + 0*w**2. Let y be s(3). Let i = 1 + y. What is the units digit of i?
3
Suppose 3*i + 0 = 12. What is the units digit of i?
4
Let b(y) = 8*y**2 + y**3 + 4*y**2 + 7 - 2*y**3 - 7*y - 5*y**2. Let f = -8 - -14. What is the units digit of b(f)?
1
Suppose -3*v + 296 = -4*x, x + 209 = 2*v + 20. What is the tens digit of v?
9
Let f(n) = -n**3 + 8*n**2 + 13*n + 18. What is the units digit of f(8)?
2
Suppose 0 = -5*c + 267 - 52. What is the units digit of c?
3
Let x(m) = 22*m**2 + 4*m + 1. What is the tens digit of x(2)?
9
Suppose 5*r - 2*h = 757, -569 = -5*r + 5*h + 176. What is the tens digit of r?
5
Let z(u) be the second derivative of -u**4/12 + 4*u**3/3 - 2*u**2 + 4*u. What is the units digit of z(7)?
3
Suppose 0 = -4*w - w + 370. What is the units digit of w/8 - (-6)/(-24)?
9
Let p = -7 + 10. Suppose 0 = -p*r - 0*r + 36. What is the tens digit of r?
1
Let w(k) = 2*k**3 + 2*k**2 + k. Let y be w(-1). Suppose -3*c - 2*c = -70. What is the units digit of c - (2 + y)*-3?
7
Let h = 23 - 21. Suppose 2*u + 20 = 3*u - 3*m, h*u + 3*m - 4 = 0. What is the units digit of u?
8
Let r be (-1)/(-3) + 5/3. Suppose s - r = -4*j, s + 3*j = 2 - 0. What is the units digit of s/8 + 81/12?
7
Suppose 0 = -2*w - 0 + 6. Suppose -4*s + 4*r = 52, w*s + 4*r - r + 63 = 0. Let d = s - -31. What is the units digit of d?
4
Suppose 0 = 8*l - 1605 + 397. What is the hundreds digit of l?
1
Let g(l) = l**3 + 10*l**2 - l - 8. Let h be g(-10). Suppose m = 2*m - h. What is the units digit of m?
2
Suppose 0 = 3*i - 71 - 1. What is the units digit of i?
4
Let o(l) = l**3 - 8*l**2 + 6*l + 10. Let j be o(7). What is the units digit of (j - 10/4)*34?
7
Suppose 2*f = -0*f - 66. What is the tens digit of (-336)/f + 6/(-33)?
1
Let z = -3 + 1. Let j(o) = -o**3 - 2*o**2 - 3*o - 3. Let v be j(z). Suppose -v = -2*p + 3. What is the units digit of p?
3
Let t(u) = -u**2. Let r(o) = 2*o**2 - 9*o - 6. Let k(b) = r(b) + 3*t(b). What is the units digit of k(-6)?
2
Let k be 1/(-4) + 1/4. Let v(f) = f**3 + 12*f**2 + 10*f - 13. Let j be v(-11). Let t = k - j. What is the units digit of t?
2
Let d = 26 + -15. What is the units digit of d?
1
Let u be 2/4 + 49/2. Let n be ((-1)/(-1))/(2/(-36)). Let l = u + n. What is the units digit of l?
7
Let h = 173 - -6. What is the tens digit of h?
7
Let y be 0*(-1)/(-2) - -2. Suppose s + y*s = 30. What is the tens digit of s?
1
Suppose -m - 22 = -4*m - 2*a, -2*m + 3 = -a. Suppose 9*j - 85 = m*j. What is the tens digit of j?
1
Let n be (-4)/8 + 114/4. What is the units digit of 4/(-14) + 288/n?
0
Suppose a = -0*a + 77. Let o = -32 + a. Suppose 4*i + o - 112 = 3*d, 5*i + 2*d = 55. What is the tens digit of i?
1
Let s(o) = -o**3 + 5*o**2 - 3*o - 2. Let i be s(3). Suppose -i*l + 5*l = -36. What is the tens digit of l?
1
Let i(u) = u**3 + u**2 + u. Let c be i(0). Suppose c = 6*a - 8*a, -3*a = n - 2. What is the units digit of n/(-8) + 33/4?
8
Suppose 3*h - 22 = -4. Let c(u) = 0*u + 1 + h - u + 2*u. What is the units digit of c(-6)?
1
Let i = -59 + 194. What is the units digit of i?
5
Suppose 2*b - 1 = 2*d - 7, 5*d = -2*b + 8. Let i be 9*((-21)/(-9) - 2). Suppose 4*g - 31 = 5*z, 5*g - i*z - 35 = d*z. What is the units digit of g?
4
Let g(p) = -p**2 - 16*p - 24. What is the units digit of g(-11)?
1
Let w(n) be the first derivative of n**4/4 + n**3/3 + n**2/2 + 2*n - 2. Let i be w(0). What is the units digit of i/(2*(-1)/(